divisor of a and 29.
29
Suppose 0 = -0*x + 4*x - 404. Let k = 171 - x. Let w be 157/(10833/1242) - (-8)/(-2). Calculate the greatest common factor of w and k.
14
Let o be (-9)/(-4)*(-20 - (-1224)/54). Calculate the highest common factor of 4146 and o.
6
Let x(i) = 16*i**2 - 5*i + 4. Let k be x(4). Let h be (56 + -26)/((0 - 1) + 35/25). Calculate the greatest common factor of h and k.
15
Let j(u) = -8*u - 3. Let a be j(10). Suppose -228 = 455*y - 457*y. Let l = a + y. What is the highest common factor of 248 and l?
31
Suppose -5*i + 1283 + 1181 = -4*l, 4*i = -l + 1967. Let a = 2969 + -2945. What is the highest common factor of a and i?
12
Let x(u) = -2*u**3 + 15*u**2 - 6*u - 7. Let h be x(5). Suppose -7*z = -10 - h. Calculate the greatest common divisor of z and 224.
14
Let l(b) = -21*b + 3. Let v(i) = -i**3 - 8*i**2 - 7*i - 5. Let k be v(-7). Let w be l(k). Let n = 121 - 85. Calculate the highest common factor of n and w.
36
Suppose -13*r + 3534 = -59*r + 14942. What is the greatest common divisor of 104 and r?
8
Suppose -w - 2*w - 57 = 0. Suppose f = l + 62, -f - 4*l + 7*l + 72 = 0. Let b = w + f. Calculate the highest common divisor of b and 266.
38
Let f be (-1)/3 - (-4458)/(-18). Let h = f - -257. Calculate the highest common divisor of h and 3.
3
Let q(o) = -727*o - 9201. Let a be q(-23). Calculate the greatest common factor of 96 and a.
32
Let w be 20*-4*38*(-282)/235. Suppose 0 = 11*s + 21*s - w. What is the highest common factor of s and 513?
57
Suppose 6*r + 606 = 702. Suppose 4*b + r = 0, 3*h + 2*b - 34 + 6 = 0. Let i = -12 - -72. What is the highest common divisor of h and i?
12
Let o(c) be the third derivative of -c**5/30 - 15*c**4/8 + 4*c**3/3 + 186*c**2. Let r be o(-19). Calculate the highest common factor of r and 3.
3
Suppose 0 = -6*m + 81 - 3. Suppose -2*y = -y + 5*n - 26, y + 10 = 4*n. Suppose -a + 11 = j, y*a - a + 36 = 2*j. What is the highest common factor of j and m?
13
Let n be 101 + 16/(-2) + (17 - 12). Let c = -20 + n. Calculate the greatest common divisor of 234 and c.
78
Let t = -25862 - -25947. What is the greatest common divisor of t and 13?
1
Let q(x) = -28*x - 75 + 47*x - 16 - 32*x. Let k be q(-23). What is the highest common factor of 16 and k?
16
Suppose -34*z + 37*z - 18 = 0. Suppose -z*g = -4466 - 2734. Calculate the greatest common divisor of 20 and g.
20
Let f be -48 - -53 - (-6)/(-1). Let y be (3 - 3 - 26/f) + -2. What is the greatest common divisor of 264 and y?
24
Let d be 48*(-3 - (-42)/12*1). Calculate the greatest common factor of 1416 and d.
24
Suppose 4 - 10 = -3*f. Suppose f*n = -4 + 22. Let q = 774 - 711. Calculate the greatest common divisor of n and q.
9
Let i = 449773 + -449746. Let z(m) = -4*m**3 + 6*m**2 + 5*m - 4. Let p be z(-5). Calculate the greatest common divisor of p and i.
27
Suppose 2*o = -8, 3*o - 7 = 4*q - 3. Suppose -4*y = -y + 3. Let x be q - -2 - ((-2)/y + -28). What is the greatest common divisor of x and 36?
12
Let n = 2093 + 197. What is the greatest common divisor of n and 10?
10
Let z(d) = 6*d**3 + 6*d**2 + 7*d - 24. Let t be z(-5). Let i = t - -669. What is the highest common factor of i and 285?
5
Let z be (-6*20/30)/((-4)/23). Suppose -u + j + 46 = 0, 18*u - j + 218 = z*u. Calculate the highest common factor of u and 22.
22
Suppose -40 + 10 = -3*c. Let g = -107 + 187. Let d = c + g. What is the greatest common divisor of d and 60?
30
Suppose 53*l - 39164 = 25973. Let f = -940 + l. Calculate the highest common factor of 68 and f.
17
Let u(x) = -4*x - 19. Let v be u(-14). Let c be 7/(-21) - v/(-3). What is the greatest common factor of c and 84?
12
Let v be (0 - 1)*(1 + -7). Suppose 978*i - 979*i = -18. Let u be (v + -4)/(2/i). What is the greatest common divisor of 27 and u?
9
Suppose 72 = -0*d + 4*d. Suppose 77 = -d*t + 29*t. Calculate the greatest common divisor of 168 and t.
7
Let v = 27 + 15. Let q(d) = -d**2 - 17*d - 7. Let x be q(-10). What is the greatest common divisor of x and v?
21
Let f = -9483 + 9519. What is the greatest common factor of 279 and f?
9
Let h be (6/4)/(15/100) + 4. Suppose -10*g - 152 = -h*g + 2*u, 4*u - 47 = -g. What is the highest common divisor of g and 65?
13
Suppose 2*w - 768 = -4*l, -w + l + 231 + 171 = 0. What is the greatest common factor of 1881 and w?
99
Let l(k) = 791*k - 3712. Let u be l(11). Calculate the greatest common divisor of u and 3.
3
Let w(x) = x**3 - 10*x**2 + 20*x - 19. Let b be w(8). Let c = -73 + 6. Let d = 158 + c. Calculate the highest common divisor of b and d.
13
Let g(j) = -5*j - 102. Let b be g(-20). Let p be (1188/72)/(b/(-4)). Calculate the highest common divisor of 473 and p.
11
Let h be (-2 + 48/20)/(1/55). Let t = 607 + -365. Calculate the greatest common factor of h and t.
22
Suppose 49*b - 11*b - 38988 = 0. What is the greatest common divisor of 54 and b?
54
Suppose -542*i + 4160 = -522*i. Calculate the greatest common divisor of 432 and i.
16
Let r(d) = -264*d + 1537. Let p be r(5). Calculate the greatest common factor of p and 837.
31
Suppose 10*t - 5*t - 410 = 0. Suppose -c - v + t = -5*v, -5*v - 87 = -c. Calculate the highest common divisor of 496 and c.
62
Suppose 11721 + 2391 = 358*x - 64*x. What is the highest common divisor of x and 1072?
16
Suppose -2*p = -92*s + 88*s - 1028, 3*p - 3*s = 1548. What is the highest common divisor of 28 and p?
14
Let h = -158 - -242. Suppose 5*t + 3 = -2*i, -t - 15 = 4*i - 0. Let a(w) = 29*w**2 + w - 2. Let d be a(t). What is the highest common divisor of d and h?
28
Let f(n) = 2*n + 36. Let y be ((5/2)/(-5))/((-3)/(-24)). Let c be y/((-13)/(-4) - 3/1). Let d be f(c). What is the greatest common divisor of d and 32?
4
Suppose 21*r = 24*r + 81. Let j be r + 36 + 2/(-2). What is the greatest common factor of j and 6?
2
Suppose 4*t + 1 = -q - 15, -5*q + 3*t + 35 = 0. Let i be (10 - q - 3)/((-2)/(-10)). Suppose i + 40 = 5*b. Calculate the highest common factor of b and 121.
11
Suppose 5*v - 9*h = -14*h + 665, v + 5*h = 129. Calculate the greatest common factor of 268 and v.
134
Let z be (-64)/(-3) + 18/27. Suppose -26*f + z*f + 248 = 0. What is the highest common divisor of 992 and f?
62
Suppose 159*g - 105*g = -224*g + 49206. What is the highest common divisor of g and 649?
59
Let w = 130 + -16. Let f(t) = -76*t**3 - 2*t**2 - t + 1. Let z be f(-1). Calculate the greatest common divisor of w and z.
38
Let y be ((-569136)/(-22))/8 - (-27)/99. What is the greatest common factor of 42 and y?
42
Suppose -j - 14 + 19 = 0. Suppose j*x - m - 7 = 0, 4*x + 3 = x + 3*m. Let n be 15 - (0 - 1/x*-2). What is the greatest common factor of 28 and n?
14
Suppose -6*l + 664 - 220 = 0. Calculate the greatest common factor of l and 2.
2
Let d(z) = 3010*z**3 + 4*z**2 - 7*z + 3. Let o be d(1). Calculate the greatest common factor of o and 110.
10
Suppose 443*l - 441*l = -5*t + 7302, t - 1461 = -l. Calculate the greatest common divisor of t and 45.
5
Let x = 3376 - 3201. Calculate the greatest common factor of x and 225.
25
Suppose -1135*x + 19200 = -1110*x. Calculate the greatest common divisor of 8960 and x.
256
Let u be 2 + (-8460)/(-55) + (-54)/(-297). Calculate the highest common divisor of 108 and u.
12
Suppose -35 = 3*h - 56. Suppose -2*a - 12 = -8*a. Suppose 2*r = -o + 36, 0*o - 5*r = -a*o + 36. Calculate the highest common divisor of h and o.
7
Suppose -10560 = 529*f - 561*f. Calculate the highest common factor of 495 and f.
165
Suppose 3*a - 3*p = -15, a + 4*p - 7*p + 15 = 0. Suppose a = 5*l - 781 - 539. Let t = -58 + 82. What is the highest common factor of l and t?
24
Let x be 177/5 + (-12)/(-20). Let b = 333 + -321. What is the highest common divisor of b and x?
12
Suppose -69*u = -52*u - 85. Let t be 10*(u/(20/168) + -4). What is the greatest common divisor of 19 and t?
19
Let x(s) = s**3 + 7*s**2 - 8*s - 23. Let k be x(-7). Suppose 3 = b - 8. Suppose 0 = -10*j + b*j - 11. Calculate the highest common factor of k and j.
11
Let x = 118 - 100. Suppose 21*o - 162 = x*o. What is the greatest common factor of 297 and o?
27
Suppose -2*s + 14 - 20 = 0. Let t be s/6 - (-2)/4. Suppose 0*z + 5*z - 45 = t. What is the highest common factor of z and 9?
9
Let r(x) = x**3 + x**2 - 2*x. Let c be r(-2). Suppose -62*u + 3*u + 1180 = 0. Suppose -d + u = -c*d. Calculate the highest common diviso